{"id":2,"date":"2016-05-10T03:48:21","date_gmt":"2016-05-10T03:48:21","guid":{"rendered":"http:\/\/neu.zertifikat-waldpaedagogik.de\/?page_id=2"},"modified":"2021-01-23T23:07:39","modified_gmt":"2021-01-23T23:07:39","slug":"bildung","status":"publish","type":"page","link":"https:\/\/neu.zertifikat-waldpaedagogik.de\/?page_id=2","title":{"rendered":"Bildung und Nachhaltigkeit"},"content":{"rendered":"\n<figure class=\"wp-block-image size-large\"><img loading=\"lazy\" decoding=\"async\" width=\"1024\" height=\"525\" src=\"http:\/\/neu.zertifikat-waldpaedagogik.de\/wp-content\/uploads\/2021\/01\/Seilgang-e1611340404304-1024x525.jpg\" alt=\"Bild von Kindern bei einer waldpad\u00e4dagogischen F\u00fchrung\" class=\"wp-image-155\" srcset=\"https:\/\/neu.zertifikat-waldpaedagogik.de\/wp-content\/uploads\/2021\/01\/Seilgang-e1611340404304-1024x525.jpg 1024w, https:\/\/neu.zertifikat-waldpaedagogik.de\/wp-content\/uploads\/2021\/01\/Seilgang-e1611340404304-300x154.jpg 300w, https:\/\/neu.zertifikat-waldpaedagogik.de\/wp-content\/uploads\/2021\/01\/Seilgang-e1611340404304-768x393.jpg 768w, https:\/\/neu.zertifikat-waldpaedagogik.de\/wp-content\/uploads\/2021\/01\/Seilgang-e1611340404304-1536x787.jpg 1536w, https:\/\/neu.zertifikat-waldpaedagogik.de\/wp-content\/uploads\/2021\/01\/Seilgang-e1611340404304.jpg 2048w\" sizes=\"auto, (max-width: 1024px) 100vw, 1024px\" \/><figcaption>Copyright  Haus des Waldes Hundisburg <\/figcaption><\/figure>\n\n\n\n<h4 class=\"wp-block-heading\"><strong style=\"font-size: inherit; color: var(--nv-text-color); font-family: Graphik,-apple-system,BlinkMacSystemFont,Segoe UI,var(--nv-fallback-ff); background-color: var(--nv-site-bg);\">Waldp\u00e4dagogik<\/strong><\/h4>\n\n\n\n<p>Die Begriffe \u201eWaldp\u00e4dagogik\u201c und \u201ewaldbezogene Umweltbildung\u201c werden synonym verwendet. Es besteht keine hierarchische Beziehung zwischen den Begriffen, \u201eUmweltbildung\u201c steht als gemeinsamer Oberbegriff.<\/p>\n\n\n\n<p>Waldp\u00e4dagogik ist qualifizierte waldbezogene Umweltbildung.<\/p>\n\n\n\n<p>Waldp\u00e4dagogik umfasst alle den Lebens-, Erfahrungs- und Wirtschaftsraum Wald und seine Funktionen betreffenden Lernprozesse,&nbsp;die den Einzelnen und die Gesellschaft in die Lage versetzen,<\/p>\n\n\n\n<ul class=\"wp-block-list\"><li>langfristig<\/li><li>ganzheitlich und<\/li><li>dem Gemeinwohl verpflichtet<\/li><\/ul>\n\n\n\n<p>und damit verantwortungsvoll sowie zukunftsf\u00e4hig zu denken und zu handeln.<\/p>\n\n\n\n<p>Waldp\u00e4dagogik ist damit<\/p>\n\n\n\n<ul class=\"wp-block-list\"><li style=\"font-weight: 400;\">Summe waldbezogene Bildungsaktivit\u00e4ten jedweder Art<\/li><li style=\"font-weight: 400;\">Bildungsarbeit<\/li><li style=\"font-weight: 400;\">ein Vermittlungsprozess zwischen Mensch, Wald und Gesellschaft<\/li><li style=\"font-weight: 400;\">ein Weg zur Natur, (da in Deutschland Wald i. d. R. das Synonym f\u00fcr Natur darstellt)<\/li><li style=\"font-weight: 400;\">ein Beitrag zu einer Bildung f\u00fcr nachhaltige Entwicklung (BNE).<\/li><\/ul>\n\n\n\n<p class=\"has-small-font-size\"><\/p>\n\n\n\n<h4 class=\"wp-block-heading\">Bildung f\u00fcr Nachhaltige Entwicklung<\/h4>\n\n\n\n<p>Wald und Waldp\u00e4dagogik im Kontext \u201enachhaltiger Entwicklung\u201c und einer \u201eBildung f\u00fcr nachhaltige Entwicklung\u201c<\/p>\n\n\n\n<p>Der Abschlussbericht der Weltkommission f\u00fcr Umwelt und Entwicklung im Auftrag der UN, nach seiner Vorsitzenden auch Brundtland-Bericht genannt, fordert 1987 ein Konzept der Nachhaltige Entwicklung (eng. sustainable development): \u201eWir ben\u00f6tigen ein Konzept globaler Entwicklung, das \u201edie Bed\u00fcrfnisse der Gegenwart befriedigt, ohne zu riskieren, dass k\u00fcnftige Generationen ihre eigenen Bed\u00fcrfnisse nicht befriedigen k\u00f6nnen.\u201c<\/p>\n\n\n\n<p>F\u00fcnf Jahre sp\u00e4ter fordert die Konferenz der Vereinten Nationen f\u00fcr Umwelt und Entwicklung in Rio de Janeiro1992, auch als Rio-Konferenz oder Erdengipfel bezeichnet, im Abschlusspapier der Agenda 21, Kapitel 36 \u201eSchulbildung, Bewu\u00dftseinsbildung und berufliche Aus- und Fortbildung\u201c eine Bildung f\u00fcr Nachhaltige Entwicklung (BNE). Die Vereinten Nationen haben f\u00fcr 2005-2014 die UN-Dekade der Bildung f\u00fcr nachhaltige Entwicklung ausgerufen.<\/p>\n\n\n\n<p>Das Konzept der Nachhaltigkeit beinhaltet (nach Gerhard de Haan)<\/p>\n\n\n\n<ul class=\"wp-block-list\"><li>Lokale &amp; Globale Gerechtigkeit \u2013 Sozio-kulturelle Seite der Nachhaltigkeit<\/li><li>Dauerhaft Umweltvertr\u00e4glichkeit \u2013 \u00d6kologische Seite der Nachhaltigkeit<\/li><li>Zukunftsf\u00e4hige wirtschaftliche Entwicklung \u2013 \u00d6konomische Seite der Nachhaltigkeit<\/li><\/ul>\n\n\n\n<p>Der Begriff \u201eBildung f\u00fcr nachhaltige Entwicklung\u201c (BNE) bedeutet Bildung, die Menschen dazu bef\u00e4higt, Probleme, die das Leben auf unserem Planeten bedrohen, vorherzusehen, sich ihnen zu stellen und sie zu l\u00f6sen. Er bezeichnet dar\u00fcber hinaus eine Bildung, die Werte und Prinzipien f\u00f6rdert, die Basis f\u00fcr eine nachhaltige Entwicklung sind (Generationen- und Geschlechtergerechtigkeit, soziale Toleranz, Armutsminderung, Schutz und Wiederherstellung der Umwelt, Wahrung nat\u00fcrlicher Ressourcen und gerechte und friedliche Gesellschaften).\u201c<\/p>\n\n\n\n<p>\u201eBildung f\u00fcr nachhaltige Entwicklung\u201c nach Gerhard de Haan<\/p>\n\n\n\n<ul class=\"wp-block-list\"><li>dient dem Erwerb von Gestaltungskompetenz.<\/li><li>dient der Bef\u00e4higung zum mentalen Wandel<\/li><li>leistet eine zukunftsf\u00e4hige Sinnstiftung<\/li><li>bef\u00e4higt zum partizipativen, inter- \/ und transdisziplin\u00e4ren Handeln<\/li><\/ul>\n\n\n\n<p>Waldp\u00e4dagogik leistet Beitr\u00e4ge f\u00fcr eine Bildung f\u00fcr nachhaltige Entwicklung (BNE).<\/p>\n\n\n\n<p><em>Nachhaltigkeit \u2013 historische Quellen:<\/em><\/p>\n\n\n\n<p>Urspr\u00fcnglich kommt der Begriff \u201eSustainable Development\u201c oder \u201eNachhaltigkeit\u201c aus der internationalen Forstwirtschaft. Bereits im 17. Jhdt. finden sich Belege hierf\u00fcr bei J. Evelyn (1664): Sylva, or a Discourse of Forest-Trees. London: Zuk\u00fcnftige Generationen (posterity) ber\u00fccksichtigen. Die jeweils lebende Generation sei nicht f\u00fcr sich allein geboren, \u201enon sibi soli natus\u201c sondern \u201eborn for posterity\u201c geboren f\u00fcr die Nachkommenschaft\/Nachwelt.<\/p>\n\n\n\n<p>In Deutschland schreibt Hans Carl von Carlowitz bereits 1713 in seiner \u201eSylvicultura oeconomica, oder hau\u00dfwirthliche Nachricht und Naturm\u00e4\u00dfige Anweisung zur wilden Baum-Zucht\u201c: \u201eWird derhalben die gr\u00f6\u00dfte Kunst\/Wissenschaft\/Flei\u00df und Einrichtung hiesiger Lande darinnen beruhen \/ wie eine sothane Conservation und Anbau des Holtzes anzustellen \/ da\u00df es eine continuierliche best\u00e4ndige und nachhaltende Nutzung gebe \/ weiln es eine unentberliche Sache ist \/ ohne welche das Land in seinem Esse nicht bleiben mag.\u201c<\/p>\n\n\n\n<h4 class=\"wp-block-heading\"><strong>Wald und Nachhaltigkeit<\/strong><\/h4>\n\n\n\n<p><strong>Vielf\u00e4ltige Waldfunktionen &#8211; Nachhaltigkeitaspekte im Wald<\/strong><\/p>\n\n\n\n<p id=\"block-cdec8a3d-b759-4b60-beff-0b9b6f50a389\">Ein und dieselbe Fl\u00e4che bietet R\u00fcckzugsraum f\u00fcr Pflanzen und Tiere, produziert den Rohstoff Holz, ist Ausflugsziel, Arbeitsplatz und Einkommensquelle. Die Vielzahl von Leistungen des Waldes bringt eine Vielzahl von Anspr\u00fcchen ihm gegen\u00fcber mit sich. Deshalb muss ein Grundsatz sicherstellen, dass die Vielfalt seiner Leistungsf\u00e4higkeit dauerhaft gesichert bleibt.<\/p>\n\n\n\n<p id=\"block-b54d90b2-d059-4e02-9c1a-bb5f9d13e106\">Dieser Grundsatz ist das Prinzip der Nachhaltigkeit. Bereits 1560 wurde das Prinzip, Holz nur so zu schlagen, dass der Wald sich wieder erholen kann, in der kurs\u00e4chsischen Forstordnung festgelegt. Der Begriff selbst wird auf den Freiberger Oberberghauptmann Hans Carl von Carlowitz aus dem Jahr 1713 zur\u00fcckgef\u00fchrt. Der immense Holzverbrauch im Bergbau und die damit einhergehende Waldverw\u00fcstung waren Anlass, die kontinuierliche Bereitstellung von Holz zu sichern. Heute soll das Nachhaltigkeitsprinzip auch die Erf\u00fcllung der anderen Funktionen des Waldes auf Dauer garantieren, so dass die heutige Definition der Nachhaltigkeit drei Komponenten beinhaltet:<\/p>\n\n\n\n<p id=\"block-d3049808-f62a-451a-b6fe-8efa15eccd2e\">&#8211; Die <strong>\u00f6konomische Nachhaltigkeit<\/strong> beinhaltet das Ziel, die Ertragsf\u00e4higkeit und die Wirtschaftlichkeit der vielseitigen Leistungen der W\u00e4lder dauerhaft zu gew\u00e4hrleisten.<\/p>\n\n\n\n<p id=\"block-7efbbd93-4c46-4cd8-8bf7-81206b8ddfb1\">&#8211; Die <strong>\u00f6kologische Nachhaltigkeit<\/strong> beinhaltet das Ziel, Natur und Umwelt f\u00fcr die nachfolgenden Generationen zu erhalten. Dies umfasst den Erhalt der Artenvielfalt, den Klimaschutz, die Pflege von Kultur- und Landschaftsr\u00e4umen in ihrer urspr\u00fcnglichen Gestalt sowie generell einen schonenden Umgang mit der nat\u00fcrlichen Umgebung.<\/p>\n\n\n\n<p id=\"block-fe6b76a1-eed4-4092-ac83-de60cda6445f\">&#8211; Die <strong>soziale Nachhaltigkeit<\/strong> beinhaltet das Ziel, heutigen und k\u00fcnftigen Generationen ihre vielseitigen Lebensanspr\u00fcche an die W\u00e4lder, wie Arbeit und Erholung, Kultur und Bildung, zu sichern.<\/p>\n\n\n\n<p id=\"block-ae677dfa-8338-439f-b5b9-482e2447fd83\"><strong>Helsinki-Definition<br><\/strong>Bei der Zweiten Ministerkonferenz zum Schutz der W\u00e4lder in Europa in Helsinki 1993 wurde die nachhaltige Waldbewirtschaftung so definiert: &#8222;Die Behandlung und Nutzung von W\u00e4ldern und Waldfl\u00e4chen auf eine Weise und in einem Ausma\u00df, dass deren biologische Vielfalt, Produktivit\u00e4t, Verj\u00fcngungsf\u00e4higkeit, Vitalit\u00e4t sowie deren F\u00e4higkeit, die relevanten \u00f6kologischen, wirtschaftlichen und sozialen Funktionen gegenw\u00e4rtig und in der Zukunft zu gew\u00e4hrleisten, auf lokaler, nationaler und globaler Ebene erhalten bleiben, ohne anderen \u00d6kosystemen Schaden zuzuf\u00fcgen.&#8220;<\/p>\n","protected":false},"excerpt":{"rendered":"<p>Waldp\u00e4dagogik Die Begriffe \u201eWaldp\u00e4dagogik\u201c und \u201ewaldbezogene Umweltbildung\u201c werden synonym verwendet. Es besteht keine hierarchische Beziehung zwischen den Begriffen, \u201eUmweltbildung\u201c steht als gemeinsamer Oberbegriff. Waldp\u00e4dagogik ist qualifizierte waldbezogene Umweltbildung. Waldp\u00e4dagogik umfasst alle den Lebens-, Erfahrungs- und Wirtschaftsraum Wald und seine Funktionen betreffenden Lernprozesse,&nbsp;die den Einzelnen und die Gesellschaft in die Lage versetzen, langfristig ganzheitlich und dem&hellip;&nbsp;<a href=\"https:\/\/neu.zertifikat-waldpaedagogik.de\/?page_id=2\" class=\"\" rel=\"bookmark\">Weiterlesen &raquo;<span class=\"screen-reader-text\">Bildung und Nachhaltigkeit<\/span><\/a><\/p>\n","protected":false},"author":1,"featured_media":155,"parent":0,"menu_order":4,"comment_status":"closed","ping_status":"closed","template":"","meta":{"neve_meta_sidebar":"full-width","neve_meta_container":"","neve_meta_enable_content_width":"","neve_meta_content_width":0,"neve_meta_title_alignment":"","neve_meta_author_avatar":"","neve_post_elements_order":"","neve_meta_disable_header":"","neve_meta_disable_footer":"","neve_meta_disable_title":"","footnotes":""},"class_list":["post-2","page","type-page","status-publish","has-post-thumbnail","hentry"],"_links":{"self":[{"href":"https:\/\/neu.zertifikat-waldpaedagogik.de\/index.php?rest_route=\/wp\/v2\/pages\/2","targetHints":{"allow":["GET"]}}],"collection":[{"href":"https:\/\/neu.zertifikat-waldpaedagogik.de\/index.php?rest_route=\/wp\/v2\/pages"}],"about":[{"href":"https:\/\/neu.zertifikat-waldpaedagogik.de\/index.php?rest_route=\/wp\/v2\/types\/page"}],"author":[{"embeddable":true,"href":"https:\/\/neu.zertifikat-waldpaedagogik.de\/index.php?rest_route=\/wp\/v2\/users\/1"}],"replies":[{"embeddable":true,"href":"https:\/\/neu.zertifikat-waldpaedagogik.de\/index.php?rest_route=%2Fwp%2Fv2%2Fcomments&post=2"}],"version-history":[{"count":12,"href":"https:\/\/neu.zertifikat-waldpaedagogik.de\/index.php?rest_route=\/wp\/v2\/pages\/2\/revisions"}],"predecessor-version":[{"id":230,"href":"https:\/\/neu.zertifikat-waldpaedagogik.de\/index.php?rest_route=\/wp\/v2\/pages\/2\/revisions\/230"}],"wp:featuredmedia":[{"embeddable":true,"href":"https:\/\/neu.zertifikat-waldpaedagogik.de\/index.php?rest_route=\/wp\/v2\/media\/155"}],"wp:attachment":[{"href":"https:\/\/neu.zertifikat-waldpaedagogik.de\/index.php?rest_route=%2Fwp%2Fv2%2Fmedia&parent=2"}],"curies":[{"name":"wp","href":"https:\/\/api.w.org\/{rel}","templated":true}]}}