{"id":23,"date":"2021-01-21T20:12:35","date_gmt":"2021-01-21T20:12:35","guid":{"rendered":"http:\/\/neu.zertifikat-waldpaedagogik.de\/?page_id=23"},"modified":"2021-11-19T13:10:54","modified_gmt":"2021-11-19T13:10:54","slug":"fortbildungsstandards","status":"publish","type":"page","link":"https:\/\/neu.zertifikat-waldpaedagogik.de\/?page_id=23","title":{"rendered":"Fortbildungsstandards"},"content":{"rendered":"\n<p>Die Zertifikatsfortbildung ist gekennzeichnet durch einen modulartigen Aufbau. Sie gliedert sich in Grundmodule und Hauptmodule und hat einen Zeitumfang von mindestens 18 Lehrgangstagen. Dar\u00fcber hinaus ist ein Praktikum von 40 Stunden zu absolvieren. Die Fortbildung schlie\u00dft mit einer Pr\u00fcfung zur \u201estaatlich zertifizierten Waldp\u00e4dagogin&#8220; bzw. zum \u201estaatlich zertifizierten Waldp\u00e4dagogen\u201c ab. Der Zertifikatsrahmen stellt den Mindeststandard f\u00fcr bundesweiten die Qualit\u00e4tssicherung und Vergleichbarkeit von Waldp\u00e4dagogik-Zertifikatslehrg\u00e4ngen im Angebot der Landesforstverwaltungen dar. Die Mindeststandards gelten verbindlich f\u00fcr alle Kursanbieter. Die verantwortlichen L\u00e4nderforstverwaltungen und deren Partner k\u00f6nnen landesspezifisch weitergehende Bildungsinhalte umsetzen.<\/p>\n\n\n\n<p>Gemeinsame <a href=\"https:\/\/neu.zertifikat-waldpaedagogik.de\/wp-content\/uploads\/2021\/11\/Gemeinsame_Rahmenregelungen_Mindeststandards_Zertifikat_Waldpaedagogik-Stand-19.10.2021.pdf\">Rahmenregelungen und Mindeststandards des bundesl\u00e4nder\u00fcbergreifend von den Forstverwaltungen getragenen \u201eZertifikat Waldp\u00e4dagogik\u201c (Volltext)<\/a> <\/p>\n\n\n<h4><strong><img loading=\"lazy\" decoding=\"async\" class=\"alignnone size-full wp-image-30\" src=\"http:\/\/neu.zertifikat-waldpaedagogik.de\/wp-content\/uploads\/2021\/01\/module_wpz.jpg\" alt=\"Grafik zu den einzelnen Kursmodulen\" width=\"1754\" height=\"1240\" srcset=\"https:\/\/neu.zertifikat-waldpaedagogik.de\/wp-content\/uploads\/2021\/01\/module_wpz.jpg 1754w, https:\/\/neu.zertifikat-waldpaedagogik.de\/wp-content\/uploads\/2021\/01\/module_wpz-300x212.jpg 300w, https:\/\/neu.zertifikat-waldpaedagogik.de\/wp-content\/uploads\/2021\/01\/module_wpz-1024x724.jpg 1024w, https:\/\/neu.zertifikat-waldpaedagogik.de\/wp-content\/uploads\/2021\/01\/module_wpz-768x543.jpg 768w, https:\/\/neu.zertifikat-waldpaedagogik.de\/wp-content\/uploads\/2021\/01\/module_wpz-1536x1086.jpg 1536w\" sizes=\"auto, (max-width: 1754px) 100vw, 1754px\" \/><\/strong><\/h4>\n<h3><strong>Grundmodule<\/strong><\/h3>\n<p>Im Grundmodul wird das notwendige Basiswissen in den Bereichen Waldwissen und P\u00e4dagogik vermittelt.<\/p>\n<h4>Grundmodul P\u00e4dagogische und methodische Grundlagen<\/h4>\n<ul>\n<li>\u00dcberblick \u00fcber anthropologische und psychologische Grundlagen der Vermittlung von Wissen<\/li>\n<li>P\u00e4dagogische Ans\u00e4tze und Denkweisen<\/li>\n<li>Didaktische Konzepte<\/li>\n<li>Methodik<\/li>\n<li>Einf\u00fchrung in Leitungskompetenz<\/li>\n<li>Zielgruppenorientierung<\/li>\n<\/ul>\n<h4>Grundmodul Forstliche und \u00f6kologische Grundlagen<\/h4>\n<ul>\n<li>Artenkenntnisse (heimische Baum- und Straucharten, Bodenpflanzen, S\u00e4uger, Insekten, V\u00f6gel) und Erkennen von Tierspuren (F\u00e4hrten, Fra\u00dfbilder, Losung)<\/li>\n<li>Umgang mit Bestimmungshilfen<\/li>\n<li>\u00d6kosystemare Grundlagen<\/li>\n<li>\u00dcberblick \u00fcber die Waldfunktionen (Nutz-, Schutz-, Erholungsfunktionen)<\/li>\n<li>Einf\u00fchrung in forstliche Nachhaltigkeit<\/li>\n<li>Waldbau<\/li>\n<li>Bedeutung der Jagd im Wald<\/li>\n<li>Waldarbeit und Forsttechnik sowie Berufe im Wald<\/li>\n<\/ul>\n<h3><strong>Hauptmodule<\/strong><\/h3>\n<p>Das Hauptmodul ist in die Bereiche A-D gegliedert:<\/p>\n<h4>A &#8211; Forstlich-\u00f6kologisches Hauptmodul\u00a0 <em><br \/><\/em><\/h4>\n<ul>\n<li>Vertiefung und Erweiterung der Kenntnisse aus dem Grundmodul (\u00d6kosystem Wald, Artenkenntnisse, Forstwirtschaft)<\/li>\n<li>Wald-, Forst- und Kulturgeschichte<\/li>\n<li>Lokale und globale Nachhaltigkeit<\/li>\n<li>Naturethik (Waldgesinnung, Beziehung Mensch-Natur)<\/li>\n<li>Anwendung zielgruppenspezifischer Methodik und ganzheitliche Lern- und Aktionsformen im Sinne der BNE (Kompetenzf\u00f6rderung)<\/li>\n<li>Ausarbeiten und Durchf\u00fchren eigener Programme oder Programmteile<\/li>\n<\/ul>\n<h4>B &#8211; P\u00e4dagogisches Hauptmodul <em><br \/><\/em><\/h4>\n<ol>\n<li>a) Allgemeine P\u00e4dagogik<\/li>\n<\/ol>\n<ul>\n<li>Grundkenntnisse dar\u00fcber, wie Menschen lernen und wie diese Lernprozesse im Lebensraum Wald f\u00fcr Bildungsprozesse genutzt werden k\u00f6nnen<\/li>\n<li>vertiefte Auseinandersetzung mit p\u00e4dagogischen Konzepten<\/li>\n<li>die p\u00e4dagogischen Implikationen von BNE oder wie diese in Waldprogrammen umsetzbar sind<\/li>\n<li>Ursachen, Hintergr\u00fcnde und Umgang mit schwierigen Situationen und sozialp\u00e4dagogische Konzepte und Wirkungen der Waldp\u00e4dagogik<\/li>\n<\/ul>\n<ol>\n<li>b) Methodik und Didaktik<\/li>\n<\/ol>\n<ul>\n<li>Identifikation und Definition von Zielen und Zielgruppen<\/li>\n<li>Zielgruppenorientierung<\/li>\n<li>Prozessorientierung<\/li>\n<li>ganzheitliche, erlebnis- und handlungsorientierte Aktions- und Lernformen<\/li>\n<li>Methoden zur Kompetenzf\u00f6rderung<\/li>\n<li>Planung, Organisation Durchf\u00fchrung und Training von waldp\u00e4dagogischen Veranstaltungen nach p\u00e4dagogischen Aspekten<\/li>\n<li>Reflexionsmethoden<\/li>\n<\/ul>\n<ol>\n<li>c) Der Leitung und die Gruppe<\/li>\n<\/ol>\n<ul>\n<li>Leitungsverst\u00e4ndnis<\/li>\n<li>Training f\u00fcr Leitungspersonen<\/li>\n<\/ul>\n<h4>C &#8211; Hauptmodul Recht und Organisation <em><br \/><\/em><\/h4>\n<ul>\n<li>Rechtliche und formale Grundlagen f\u00fcr die Durchf\u00fchrung waldp\u00e4dagogischer Veranstaltungen (z.B. Forstrecht, Naturschutzrecht, Jagdrecht, Arbeitsrecht, Verkehrssicherung)<\/li>\n<li>Haftung und Verantwortung<\/li>\n<li>Organisation und Marketing<\/li>\n<li>Akquise<\/li>\n<\/ul>\n<h4>D &#8211; Wahlmodul <em><br \/><\/em><\/h4>\n<p>Im Rahmen des Modul D sollen Inhalte aus den Modulen A und B vertieft werden, es k\u00f6nnen aber auch pers\u00f6nliche Schwerpunkte vorgenommen werden. Das Modul D kann bei externen Anbietern absolviert werden, es m\u00fcssen aber mindestens drei unterschiedliche mindestens eint\u00e4gige Seminare nachgewiesen werden.<\/p>\n<p>Beispielinhalte f\u00fcr Wahlmodul:<\/p>\n<ul>\n<li>Kreativit\u00e4t und Erlebnis<\/li>\n<li>Waldbezogene und p\u00e4dagogische Fachkurse (waldp\u00e4dagogische Themenbereiche)<\/li>\n<\/ul>\n<h3><strong>Praktikum<\/strong><\/h3>\n<p>Ziel des Praktikums ist, bereits erworbene Fertigkeiten\u00a0 in der Praxis und unter fachkundiger Begleitung zu trainieren und zu reflektieren. Dies geschieht bei einer durch die Bundesl\u00e4nder und deren beauftragte Stellen anerkannten Bildungseinrichtung.<\/p>\n<p>F\u00fcr das Praktikum gelten folgende bundeseinheitlichen Vorgaben:<\/p>\n<ul>\n<li>Zeitumfang: 40 Stunden<\/li>\n<li>Praktikum muss von einer erfahrenen Person betreut sein<\/li>\n<li>Dokumentation der Veranstaltungen und Best\u00e4tigung durch den\/die Betreuer\/in<\/li>\n<\/ul>\n<p>Der Praktikant\/die Praktikantin wird zun\u00e4chst an Veranstaltungen\/Programmen beteiligt und f\u00fchrt baldm\u00f6glichst eigene Veranstaltungen\/Programme durch. Das beinhaltet Vor- und Nachbereitung und gemeinsame Reflexion mit dem\/der Betreuer\/in.<\/p>\n<p>N\u00e4heres hierzu, insbesondere welche Bildungseinrichtungen als Praktikumsstelle anerkannt sind, erfahren Sie bei den jeweiligen <a href=\"http:\/\/www.xn--zertifikat-waldpdagogik-b8b.de\/anbietertraeger.html\">Anbietern und Tr\u00e4gern.<\/a><\/p>\n<h3><strong>Pr\u00fcfung<\/strong><\/h3>\n<p>In der Abschlusspr\u00fcfung \u201eZertifikat Waldp\u00e4dagogik\u201c soll nachgewiesen werden, dass die Pr\u00fcflinge die inhaltlichen und methodischen Ziele des Fortbildungsganges \u201eZertifikat Waldp\u00e4dagogik\u201c beherrschen und in der Praxis umsetzten k\u00f6nnen. Die Pr\u00fcfung wird von einer Pr\u00fcfungskommission abgenommen.<\/p>\n<p>An der Abschlusspr\u00fcfung k\u00f6nnen Teilnehmer\/innen des Zertifikatslehrganges \u201eZertifikat Waldp\u00e4dagogik\u201c teilnehmen, die Kurse f\u00fcr alle Module und das Praktikum im erforderlichen Umfang absolviert haben und dies mit entsprechenden Teilnahmebescheinigungen bei der Pr\u00fcfungskommission nachweisen k\u00f6nnen.<\/p>\n<p>Die Pr\u00fcfung besteht aus der praktischen Durchf\u00fchrung einer waldp\u00e4dagogischen Veranstaltung einschlie\u00dflich Planung\/Vorbereitung und Reflexion\/Diskussion.<\/p>\n<ul>\n<li>Planung und Vorbereitung (mindestens 1 Stunde)<\/li>\n<li>Anhand der Mindestvorgaben \u201eZielgruppe\u201c, \u201eZiel\u201c, \u201eThema\u201c und \u201e\u00f6rtlicher Bezug\u201c muss ein Konzept erarbeitet und vorgestellt werden.<\/li>\n<li>Durchf\u00fchrung einer waldp\u00e4dagogischen Veranstaltung (mindestens 2 Stunden)<\/li>\n<li>Dieser Pr\u00fcfungsteil wird mit Beteiligung einer f\u00fcr Waldp\u00e4dagogik typischen Zielgruppe durchgef\u00fchrt. Dieser Pr\u00fcfungsteil soll im Wald stattfinden. Der\/die Pr\u00fcfungskandidat\/in soll zeigen, dass er die fachlichen und methodisch\/didaktischen Inhalte der modularen Fortbildung in einer Praxissituation umsetzen kann.<\/li>\n<li>Reflexion und Diskussion (mindestens 30 Minuten)<\/li>\n<li>Anhand der durchgef\u00fchrten waldp\u00e4dagogischen Veranstaltung werden in einem Pr\u00fcfungsgespr\u00e4ch methodische, fachliche und ggf. landesspezifische Anforderungen \u00fcberpr\u00fcft.<\/li>\n<\/ul>\n<p>Die Pr\u00fcfung kann als Einzelpr\u00fcfung oder als Gruppenpr\u00fcfung mit bis zu 3 Pr\u00fcfungskandidaten\/innen durchgef\u00fchrt werden. Wer die Pr\u00fcfung nicht bestanden hat, kann sie einmal wiederholen.<\/p>\n<p>\u00a0<\/p>","protected":false},"excerpt":{"rendered":"<p>Die Zertifikatsfortbildung ist gekennzeichnet durch einen modulartigen Aufbau. Sie gliedert sich in Grundmodule und Hauptmodule und hat einen Zeitumfang von mindestens 18 Lehrgangstagen. Dar\u00fcber hinaus ist ein Praktikum von 40 Stunden zu absolvieren. Die Fortbildung schlie\u00dft mit einer Pr\u00fcfung zur \u201estaatlich zertifizierten Waldp\u00e4dagogin&#8220; bzw. zum \u201estaatlich zertifizierten Waldp\u00e4dagogen\u201c ab. Der Zertifikatsrahmen stellt den Mindeststandard f\u00fcr&hellip;&nbsp;<a href=\"https:\/\/neu.zertifikat-waldpaedagogik.de\/?page_id=23\" class=\"\" rel=\"bookmark\">Weiterlesen &raquo;<span class=\"screen-reader-text\">Fortbildungsstandards<\/span><\/a><\/p>\n","protected":false},"author":1,"featured_media":30,"parent":0,"menu_order":0,"comment_status":"closed","ping_status":"closed","template":"","meta":{"neve_meta_sidebar":"full-width","neve_meta_container":"","neve_meta_enable_content_width":"on","neve_meta_content_width":100,"neve_meta_title_alignment":"","neve_meta_author_avatar":"","neve_post_elements_order":"","neve_meta_disable_header":"","neve_meta_disable_footer":"","neve_meta_disable_title":"","footnotes":""},"class_list":["post-23","page","type-page","status-publish","has-post-thumbnail","hentry"],"_links":{"self":[{"href":"https:\/\/neu.zertifikat-waldpaedagogik.de\/index.php?rest_route=\/wp\/v2\/pages\/23","targetHints":{"allow":["GET"]}}],"collection":[{"href":"https:\/\/neu.zertifikat-waldpaedagogik.de\/index.php?rest_route=\/wp\/v2\/pages"}],"about":[{"href":"https:\/\/neu.zertifikat-waldpaedagogik.de\/index.php?rest_route=\/wp\/v2\/types\/page"}],"author":[{"embeddable":true,"href":"https:\/\/neu.zertifikat-waldpaedagogik.de\/index.php?rest_route=\/wp\/v2\/users\/1"}],"replies":[{"embeddable":true,"href":"https:\/\/neu.zertifikat-waldpaedagogik.de\/index.php?rest_route=%2Fwp%2Fv2%2Fcomments&post=23"}],"version-history":[{"count":18,"href":"https:\/\/neu.zertifikat-waldpaedagogik.de\/index.php?rest_route=\/wp\/v2\/pages\/23\/revisions"}],"predecessor-version":[{"id":324,"href":"https:\/\/neu.zertifikat-waldpaedagogik.de\/index.php?rest_route=\/wp\/v2\/pages\/23\/revisions\/324"}],"wp:featuredmedia":[{"embeddable":true,"href":"https:\/\/neu.zertifikat-waldpaedagogik.de\/index.php?rest_route=\/wp\/v2\/media\/30"}],"wp:attachment":[{"href":"https:\/\/neu.zertifikat-waldpaedagogik.de\/index.php?rest_route=%2Fwp%2Fv2%2Fmedia&parent=23"}],"curies":[{"name":"wp","href":"https:\/\/api.w.org\/{rel}","templated":true}]}}

<p>Die Zertifikatsfortbildung ist gekennzeichnet durch einen modulartigen Aufbau. Sie gliedert sich in Grundmodule und Hauptmodule und hat einen Zeitumfang von mindestens 18 Lehrgangstagen. Darüber hinaus ist ein Praktikum von 40 Stunden zu absolvieren. Die Fortbildung schließt mit einer Prüfung zur „staatlich zertifizierten Waldpädagogin&#8220; bzw. zum „staatlich zertifizierten Waldpädagogen“ ab. Der Zertifikatsrahmen stellt den Mindeststandard für bundesweiten die Qualitätssicherung und Vergleichbarkeit von Waldpädagogik-Zertifikatslehrgängen im Angebot der Landesforstverwaltungen dar. Die Mindeststandards gelten verbindlich für alle Kursanbieter. Die verantwortlichen Länderforstverwaltungen und deren Partner können landesspezifisch weitergehende Bildungsinhalte umsetzen.</p>



<p>Gemeinsame <a href="https://neu.zertifikat-waldpaedagogik.de/wp-content/uploads/2021/11/Gemeinsame_Rahmenregelungen_Mindeststandards_Zertifikat_Waldpaedagogik-Stand-19.10.2021.pdf">Rahmenregelungen und Mindeststandards des bundesländerübergreifend von den Forstverwaltungen getragenen „Zertifikat Waldpädagogik“ (Volltext)</a> </p>


<h4><strong><img loading="lazy" decoding="async" class="alignnone size-full wp-image-30" src="http://neu.zertifikat-waldpaedagogik.de/wp-content/uploads/2021/01/module_wpz.jpg" alt="Grafik zu den einzelnen Kursmodulen" width="1754" height="1240" srcset="https://neu.zertifikat-waldpaedagogik.de/wp-content/uploads/2021/01/module_wpz.jpg 1754w, https://neu.zertifikat-waldpaedagogik.de/wp-content/uploads/2021/01/module_wpz-300x212.jpg 300w, https://neu.zertifikat-waldpaedagogik.de/wp-content/uploads/2021/01/module_wpz-1024x724.jpg 1024w, https://neu.zertifikat-waldpaedagogik.de/wp-content/uploads/2021/01/module_wpz-768x543.jpg 768w, https://neu.zertifikat-waldpaedagogik.de/wp-content/uploads/2021/01/module_wpz-1536x1086.jpg 1536w" sizes="auto, (max-width: 1754px) 100vw, 1754px" /></strong></h4>
<h3><strong>Grundmodule</strong></h3>
<p>Im Grundmodul wird das notwendige Basiswissen in den Bereichen Waldwissen und Pädagogik vermittelt.</p>
<h4>Grundmodul Pädagogische und methodische Grundlagen</h4>
<ul>
<li>Überblick über anthropologische und psychologische Grundlagen der Vermittlung von Wissen</li>
<li>Pädagogische Ansätze und Denkweisen</li>
<li>Didaktische Konzepte</li>
<li>Methodik</li>
<li>Einführung in Leitungskompetenz</li>
<li>Zielgruppenorientierung</li>
</ul>
<h4>Grundmodul Forstliche und ökologische Grundlagen</h4>
<ul>
<li>Artenkenntnisse (heimische Baum- und Straucharten, Bodenpflanzen, Säuger, Insekten, Vögel) und Erkennen von Tierspuren (Fährten, Fraßbilder, Losung)</li>
<li>Umgang mit Bestimmungshilfen</li>
<li>Ökosystemare Grundlagen</li>
<li>Überblick über die Waldfunktionen (Nutz-, Schutz-, Erholungsfunktionen)</li>
<li>Einführung in forstliche Nachhaltigkeit</li>
<li>Waldbau</li>
<li>Bedeutung der Jagd im Wald</li>
<li>Waldarbeit und Forsttechnik sowie Berufe im Wald</li>
</ul>
<h3><strong>Hauptmodule</strong></h3>
<p>Das Hauptmodul ist in die Bereiche A-D gegliedert:</p>
<h4>A &#8211; Forstlich-ökologisches Hauptmodul  <em><br /></em></h4>
<ul>
<li>Vertiefung und Erweiterung der Kenntnisse aus dem Grundmodul (Ökosystem Wald, Artenkenntnisse, Forstwirtschaft)</li>
<li>Wald-, Forst- und Kulturgeschichte</li>
<li>Lokale und globale Nachhaltigkeit</li>
<li>Naturethik (Waldgesinnung, Beziehung Mensch-Natur)</li>
<li>Anwendung zielgruppenspezifischer Methodik und ganzheitliche Lern- und Aktionsformen im Sinne der BNE (Kompetenzförderung)</li>
<li>Ausarbeiten und Durchführen eigener Programme oder Programmteile</li>
</ul>
<h4>B &#8211; Pädagogisches Hauptmodul <em><br /></em></h4>
<ol>
<li>a) Allgemeine Pädagogik</li>
</ol>
<ul>
<li>Grundkenntnisse darüber, wie Menschen lernen und wie diese Lernprozesse im Lebensraum Wald für Bildungsprozesse genutzt werden können</li>
<li>vertiefte Auseinandersetzung mit pädagogischen Konzepten</li>
<li>die pädagogischen Implikationen von BNE oder wie diese in Waldprogrammen umsetzbar sind</li>
<li>Ursachen, Hintergründe und Umgang mit schwierigen Situationen und sozialpädagogische Konzepte und Wirkungen der Waldpädagogik</li>
</ul>
<ol>
<li>b) Methodik und Didaktik</li>
</ol>
<ul>
<li>Identifikation und Definition von Zielen und Zielgruppen</li>
<li>Zielgruppenorientierung</li>
<li>Prozessorientierung</li>
<li>ganzheitliche, erlebnis- und handlungsorientierte Aktions- und Lernformen</li>
<li>Methoden zur Kompetenzförderung</li>
<li>Planung, Organisation Durchführung und Training von waldpädagogischen Veranstaltungen nach pädagogischen Aspekten</li>
<li>Reflexionsmethoden</li>
</ul>
<ol>
<li>c) Der Leitung und die Gruppe</li>
</ol>
<ul>
<li>Leitungsverständnis</li>
<li>Training für Leitungspersonen</li>
</ul>
<h4>C &#8211; Hauptmodul Recht und Organisation <em><br /></em></h4>
<ul>
<li>Rechtliche und formale Grundlagen für die Durchführung waldpädagogischer Veranstaltungen (z.B. Forstrecht, Naturschutzrecht, Jagdrecht, Arbeitsrecht, Verkehrssicherung)</li>
<li>Haftung und Verantwortung</li>
<li>Organisation und Marketing</li>
<li>Akquise</li>
</ul>
<h4>D &#8211; Wahlmodul <em><br /></em></h4>
<p>Im Rahmen des Modul D sollen Inhalte aus den Modulen A und B vertieft werden, es können aber auch persönliche Schwerpunkte vorgenommen werden. Das Modul D kann bei externen Anbietern absolviert werden, es müssen aber mindestens drei unterschiedliche mindestens eintägige Seminare nachgewiesen werden.</p>
<p>Beispielinhalte für Wahlmodul:</p>
<ul>
<li>Kreativität und Erlebnis</li>
<li>Waldbezogene und pädagogische Fachkurse (waldpädagogische Themenbereiche)</li>
</ul>
<h3><strong>Praktikum</strong></h3>
<p>Ziel des Praktikums ist, bereits erworbene Fertigkeiten  in der Praxis und unter fachkundiger Begleitung zu trainieren und zu reflektieren. Dies geschieht bei einer durch die Bundesländer und deren beauftragte Stellen anerkannten Bildungseinrichtung.</p>
<p>Für das Praktikum gelten folgende bundeseinheitlichen Vorgaben:</p>
<ul>
<li>Zeitumfang: 40 Stunden</li>
<li>Praktikum muss von einer erfahrenen Person betreut sein</li>
<li>Dokumentation der Veranstaltungen und Bestätigung durch den/die Betreuer/in</li>
</ul>
<p>Der Praktikant/die Praktikantin wird zunächst an Veranstaltungen/Programmen beteiligt und führt baldmöglichst eigene Veranstaltungen/Programme durch. Das beinhaltet Vor- und Nachbereitung und gemeinsame Reflexion mit dem/der Betreuer/in.</p>
<p>Näheres hierzu, insbesondere welche Bildungseinrichtungen als Praktikumsstelle anerkannt sind, erfahren Sie bei den jeweiligen <a href="http://www.xn--zertifikat-waldpdagogik-b8b.de/anbietertraeger.html">Anbietern und Trägern.</a></p>
<h3><strong>Prüfung</strong></h3>
<p>In der Abschlussprüfung „Zertifikat Waldpädagogik“ soll nachgewiesen werden, dass die Prüflinge die inhaltlichen und methodischen Ziele des Fortbildungsganges „Zertifikat Waldpädagogik“ beherrschen und in der Praxis umsetzten können. Die Prüfung wird von einer Prüfungskommission abgenommen.</p>
<p>An der Abschlussprüfung können Teilnehmer/innen des Zertifikatslehrganges „Zertifikat Waldpädagogik“ teilnehmen, die Kurse für alle Module und das Praktikum im erforderlichen Umfang absolviert haben und dies mit entsprechenden Teilnahmebescheinigungen bei der Prüfungskommission nachweisen können.</p>
<p>Die Prüfung besteht aus der praktischen Durchführung einer waldpädagogischen Veranstaltung einschließlich Planung/Vorbereitung und Reflexion/Diskussion.</p>
<ul>
<li>Planung und Vorbereitung (mindestens 1 Stunde)</li>
<li>Anhand der Mindestvorgaben „Zielgruppe“, „Ziel“, „Thema“ und „örtlicher Bezug“ muss ein Konzept erarbeitet und vorgestellt werden.</li>
<li>Durchführung einer waldpädagogischen Veranstaltung (mindestens 2 Stunden)</li>
<li>Dieser Prüfungsteil wird mit Beteiligung einer für Waldpädagogik typischen Zielgruppe durchgeführt. Dieser Prüfungsteil soll im Wald stattfinden. Der/die Prüfungskandidat/in soll zeigen, dass er die fachlichen und methodisch/didaktischen Inhalte der modularen Fortbildung in einer Praxissituation umsetzen kann.</li>
<li>Reflexion und Diskussion (mindestens 30 Minuten)</li>
<li>Anhand der durchgeführten waldpädagogischen Veranstaltung werden in einem Prüfungsgespräch methodische, fachliche und ggf. landesspezifische Anforderungen überprüft.</li>
</ul>
<p>Die Prüfung kann als Einzelprüfung oder als Gruppenprüfung mit bis zu 3 Prüfungskandidaten/innen durchgeführt werden. Wer die Prüfung nicht bestanden hat, kann sie einmal wiederholen.</p>
<p> </p>

<p>Die Zertifikatsfortbildung ist gekennzeichnet durch einen modulartigen Aufbau. Sie gliedert sich in Grundmodule und Hauptmodule und hat einen Zeitumfang von mindestens 18 Lehrgangstagen. Darüber hinaus ist ein Praktikum von 40 Stunden zu absolvieren. Die Fortbildung schließt mit einer Prüfung zur „staatlich zertifizierten Waldpädagogin&#8220; bzw. zum „staatlich zertifizierten Waldpädagogen“ ab. Der Zertifikatsrahmen stellt den Mindeststandard für&hellip;&nbsp;<a href="https://neu.zertifikat-waldpaedagogik.de/?page_id=23" class="" rel="bookmark">Weiterlesen &raquo;<span class="screen-reader-text">Fortbildungsstandards</span></a></p>
